{"id":42,"date":"2021-04-08T13:26:33","date_gmt":"2021-04-08T13:26:33","guid":{"rendered":"http:\/\/ykla.aitosalo.fi\/?page_id=42"},"modified":"2026-04-19T18:20:03","modified_gmt":"2026-04-19T15:20:03","slug":"saannot","status":"publish","type":"page","link":"https:\/\/ykla.fi\/?page_id=42","title":{"rendered":"Yksityisalojen lakimiehet r.y. s\u00e4\u00e4nn\u00f6t"},"content":{"rendered":"\n<hr class=\"wp-block-separator has-css-opacity is-style-wide\"\/>\n\n\n\n<div style=\"height:25px\" aria-hidden=\"true\" class=\"wp-block-spacer\"><\/div>\n\n\n\n<h2 class=\"wp-block-heading\">Nimi ja kotipaikka<\/h2>\n\n\n\n<div style=\"height:25px\" aria-hidden=\"true\" class=\"wp-block-spacer\"><\/div>\n\n\n\n<p><strong>1 \u00a7<\/strong> Yhdistyksen nimi on Yksityisalojen lakimiehet r.y., ruotsiksi Privatbranchernas jurister sek\u00e4 englanniksi Finnish association of private sector lawyers.  <\/p>\n\n\n\n<p>Yhdistyksen kotipaikka on Helsinki.<\/p>\n\n\n\n<div style=\"height:25px\" aria-hidden=\"true\" class=\"wp-block-spacer\"><\/div>\n\n\n\n<h2 class=\"wp-block-heading\">Tarkoitus ja toiminnan laatu<\/h2>\n\n\n\n<div style=\"height:25px\" aria-hidden=\"true\" class=\"wp-block-spacer\"><\/div>\n\n\n\n<p><strong>2 \u00a7<\/strong> Yhdistyksen tarkoituksena on valvoa j\u00e4sentens\u00e4 ammatillisia, yhteiskunnallisia, palkkauksellisia ja koulutuksellisia etuja.<br><br><strong>3 \u00a7<\/strong> Tarkoituksensa toteuttamiseksi yhdistys:<\/p>\n\n\n\n<p>1) edist\u00e4\u00e4 yksityisalojen palveluksessa olevien lakimiesten j\u00e4rjest\u00e4ytymist\u00e4; <br>2) seuraa ty\u00f6markkinatilannetta ja pyrkii t\u00e4ss\u00e4 pyk\u00e4l\u00e4ss\u00e4 mainituilla tavoilla vahvistamaan yksityissalojen palveluksessa olevien lakimiesten asemaa ty\u00f6markkinoilla ja tarvittaessa tekee sopimuksia j\u00e4sentens\u00e4 puolesta;<br>3) seuraa lakimiesten perus- ja t\u00e4ydennyskoulutusta ja edist\u00e4\u00e4 t\u00e4ss\u00e4 pyk\u00e4l\u00e4ss\u00e4 mainituilla tavoilla niiden kehitt\u00e4mist\u00e4; ja<br>4) j\u00e4rjest\u00e4\u00e4 keskustelu-, esitelm\u00e4-, koulutus- ja virkistystilaisuuksia sek\u00e4 harjoittaa valistus- ja suhdetoimintaa.<br><br>Yhdistys voi hakea avustuksia ja apurahoja, ottaa vastaan kannatusavustuksia, lahjoja ja testamentteja.<\/p>\n\n\n\n<div style=\"height:25px\" aria-hidden=\"true\" class=\"wp-block-spacer\"><\/div>\n\n\n\n<h2 class=\"wp-block-heading\">J\u00e4senyys<\/h2>\n\n\n\n<div style=\"height:25px\" aria-hidden=\"true\" class=\"wp-block-spacer\"><\/div>\n\n\n\n<p><strong>4 \u00a7<\/strong> Yhdistyksen varsinaiseksi j\u00e4seneksi voidaan hyv\u00e4ksy\u00e4 liike-el\u00e4m\u00e4n, teollisuuden, yksityisten palvelualojen ja j\u00e4rjest\u00f6jen sek\u00e4 muiden sellaisten palveluksessa oleva joko Suomessa tai ulkomailla ylemm\u00e4n oikeustieteellisen yliopistollisen korkeakoulututkinnon suorittanut henkil\u00f6.<br><br>Kannattajaj\u00e4seneksi voi hallitus hyv\u00e4ksy\u00e4 yksityisen henkil\u00f6n taikka rekister\u00f6idyn tai muun oikeuskelpoisen yhteis\u00f6n, joka haluaa tukea yhdistyksen tarkoitusta ja toimintaa.<br><br>Kunniaj\u00e4seneksi voi hallitus kutsua yhdistyksen varsinaisen j\u00e4senen, joka on huomattavalla tavalla edist\u00e4nyt ja tukenut yhdistyksen toimintaa tai on erityisen ansiokkaasti toiminut yhdistyksen tai sen tarkoitusperien hyv\u00e4ksi.<br><\/p>\n\n\n\n<p>Saavutetut j\u00e4senoikeudet s\u00e4ilyv\u00e4t.<\/p>\n\n\n\n<p><br><strong>5 \u00a7<\/strong> J\u00e4senen voi erota yhdistyksest\u00e4 ilmoittamalla siit\u00e4 kirjallisesti yhdistyksen hallitukselle tai sen puheenjohtajalle taikka suullisesti yhdistyksen kokoukselle, jolloin j\u00e4sen vapautuu yhdistyksen j\u00e4senyydest\u00e4 kulumassa olevan kalenterivuoden p\u00e4\u00e4ttyess\u00e4.<br><br><strong>6 \u00a7<\/strong> J\u00e4sen voidaan erottaa yhdistyksest\u00e4, jos h\u00e4n on j\u00e4tt\u00e4nyt t\u00e4ytt\u00e4m\u00e4tt\u00e4 velvoitteensa yhdistyst\u00e4 kohtaan tai jos h\u00e4n menettelyll\u00e4\u00e4n joko yhdistyksess\u00e4 tai sen ulkopuolella on vaikeuttanut yhdistyksen toimintaa. Erotettaessa j\u00e4senyys lakkaa v\u00e4litt\u00f6m\u00e4sti.<\/p>\n\n\n\n<div style=\"height:25px\" aria-hidden=\"true\" class=\"wp-block-spacer\"><\/div>\n\n\n\n<h2 class=\"wp-block-heading\">Yhdistyksen talous<\/h2>\n\n\n\n<div style=\"height:25px\" aria-hidden=\"true\" class=\"wp-block-spacer\"><\/div>\n\n\n\n<p><strong>7 \u00a7<\/strong> Yhdistys kantaa vuosittain j\u00e4senmaksua ja kannatusj\u00e4senmaksua, joiden suuruuden m\u00e4\u00e4r\u00e4\u00e4 yhdistyksen syyskokous. Kunniaj\u00e4sen ei ole j\u00e4senmaksuvelvollinen.<\/p>\n\n\n\n<div style=\"height:25px\" aria-hidden=\"true\" class=\"wp-block-spacer\"><\/div>\n\n\n\n<h2 class=\"wp-block-heading\">Toimielimet<\/h2>\n\n\n\n<div style=\"height:25px\" aria-hidden=\"true\" class=\"wp-block-spacer\"><\/div>\n\n\n\n<p><strong>8 \u00a7<\/strong> Yhdistyksen p\u00e4\u00e4t\u00f6svaltaa k\u00e4ytt\u00e4v\u00e4n\u00e4 elimen\u00e4 on yhdistyksen kokous ja toimeenpanevana elimen\u00e4 hallitus.<\/p>\n\n\n\n<div style=\"height:25px\" aria-hidden=\"true\" class=\"wp-block-spacer\"><\/div>\n\n\n\n<h2 class=\"wp-block-heading\">Toimi- ja tilikausi sek\u00e4 toiminnantarkastus<\/h2>\n\n\n\n<div style=\"height:25px\" aria-hidden=\"true\" class=\"wp-block-spacer\"><\/div>\n\n\n\n<p><strong>9 \u00a7<\/strong> Yhdistyksen toimi- ja tilikautena on kalenterivuosi. Tilinp\u00e4\u00e4t\u00f6s ja hallituksen toimintakertomus on laadittava nelj\u00e4n kuukauden kuluessa tilikauden p\u00e4\u00e4ttymisest\u00e4.<br><br><strong>10 \u00a7<\/strong> Toiminnantarkastajien tulee tarkastaa hallituksen toiminta ja yhdistyksen tilit sek\u00e4 luovuttaa hallitukselle viimeist\u00e4\u00e4n kaksi viikkoa ennen yhdistyksen kev\u00e4tkokousta kertomuksensa tarkastuksen tuloksesta ja lausuntonsa vastuuvapauden my\u00f6nt\u00e4misest\u00e4.<\/p>\n\n\n\n<div style=\"height:25px\" aria-hidden=\"true\" class=\"wp-block-spacer\"><\/div>\n\n\n\n<h2 class=\"wp-block-heading\">Yhdistyksen kokoukset<\/h2>\n\n\n\n<div style=\"height:25px\" aria-hidden=\"true\" class=\"wp-block-spacer\"><\/div>\n\n\n\n<p><strong>11 \u00a7<\/strong> Yhdistys kokoontuu hallituksen kutsusta kev\u00e4tkokoukseen vuosittain kes\u00e4kuun loppuun menness\u00e4 ja syyskokoukseen vuosittain joulukuun loppuun menness\u00e4 sek\u00e4 tarpeen mukaan ylim\u00e4\u00e4r\u00e4isiin kokouksiin. Ylim\u00e4\u00e4r\u00e4inen kokous on kutsuttava koolle, jos hallitus katsoo sen tarpeelliseksi tai jos v\u00e4hint\u00e4\u00e4n 1\/10 \u00e4\u00e4nioikeutetuista j\u00e4senist\u00e4 sit\u00e4 hallitukselta m\u00e4\u00e4r\u00e4tty\u00e4 asiaa varten kirjallisesti pyyt\u00e4\u00e4.<br><br>Kokouskutsu on l\u00e4hetett\u00e4v\u00e4\u00a0s\u00e4hk\u00f6postitse kunkin j\u00e4senen yhdistyksen hallitukselle ilmoittamaan s\u00e4hk\u00f6postiosoitteeseen. Kokouskutsu on julkaistava my\u00f6s yhdistyksen internet-sivuilla. Kokouskutsu tulee l\u00e4hett\u00e4\u00e4 yhdistyksen\u00a0varsinaisiin sek\u00e4 ylim\u00e4\u00e4r\u00e4isiin\u00a0kokouksiin v\u00e4hint\u00e4\u00e4n kymmenen p\u00e4iv\u00e4\u00e4 ennen kokousta. Kokouskutsu tulee julkaista yhdistyksen internet -sivuilla v\u00e4hint\u00e4\u00e4n kymmenen p\u00e4iv\u00e4\u00e4 ennen kokousta. Kokouskutsussa tulee k\u00e4yd\u00e4 ilmi kokouksessa k\u00e4sitelt\u00e4v\u00e4t asiat.<\/p>\n\n\n\n<p><strong>12 \u00a7<\/strong> Yhdistyksen kev\u00e4tkokouksessa:<\/p>\n\n\n\n<p>1) esitet\u00e4\u00e4n hallituksen toimintakertomus edelliselt\u00e4 toimintavuodelta, tilinp\u00e4\u00e4t\u00f6s ja toiminnantarkastuskertomus;<br>2) p\u00e4\u00e4tet\u00e4\u00e4n tilinp\u00e4\u00e4t\u00f6ksen vahvistamisesta ja tili- ja vastuuvapauden my\u00f6nt\u00e4misest\u00e4 hallitukselle ja muille tilivelvollisille; sek\u00e4<br>3) k\u00e4sitell\u00e4\u00e4n muut kokouskutsussa mainitut asiat.<\/p>\n\n\n\n<p>Yhdistyksen syyskokouksessa:<\/p>\n\n\n\n<p>1) vahvistetaan hallituksen laatima toimintasuunnitelma ja talousarvioehdotus seuraavaksi toimintavuodeksi;<br>2) p\u00e4\u00e4tet\u00e4\u00e4n j\u00e4senmaksun ja kannatusj\u00e4senmaksun suuruudesta seuraavaksi toimintavuodeksi;<br>3) m\u00e4\u00e4r\u00e4t\u00e4\u00e4n hallituksen j\u00e4senten lukum\u00e4\u00e4r\u00e4;<br>4) valitaan yhdistyksen puheenjohtaja ja varapuheenjohtaja sek\u00e4 hallituksen muut j\u00e4senet;<br>5) valitaan kaksi toiminnantarkastajaa;<br>6) p\u00e4\u00e4tet\u00e4\u00e4n hallituksen j\u00e4senten ja tilintarkastajien palkkioista sek\u00e4<br>7) k\u00e4sitell\u00e4\u00e4n muut kokouskutsussa mainitut asiat.<\/p>\n\n\n\n<p>Ylim\u00e4\u00e4r\u00e4isess\u00e4 kokouksessa k\u00e4sitell\u00e4\u00e4n kokouskutsussa mainitut asiat.<\/p>\n\n\n\n<p><strong>13 \u00a7<\/strong> Yhdistyksen kokouksessa on kullakin varsinaisella j\u00e4senell\u00e4 ja kunniaj\u00e4senell\u00e4 yksi \u00e4\u00e4ni. Valtakirjalla \u00e4\u00e4nest\u00e4minen on yhdistyksen kokouksessa sallittu siten, ett\u00e4 j\u00e4sen voi esiinty\u00e4 yhden muun j\u00e4senen asiamiehen\u00e4.<\/p>\n\n\n\n<div style=\"height:25px\" aria-hidden=\"true\" class=\"wp-block-spacer\"><\/div>\n\n\n\n<h2 class=\"wp-block-heading\">Hallitus<\/h2>\n\n\n\n<div style=\"height:25px\" aria-hidden=\"true\" class=\"wp-block-spacer\"><\/div>\n\n\n\n<p><strong>14 \u00a7 <\/strong>Yhdistyksen hallitukseen kuuluu puheenjohtaja ja varapuheenjohtaja sek\u00e4 v\u00e4hint\u00e4\u00e4n kolme (3) ja enint\u00e4\u00e4n kahdeksan (8) muuta j\u00e4sent\u00e4. J\u00e4senet valitaan toimintavuodeksi kerrallaan.<br><br>Hallitus on p\u00e4\u00e4t\u00f6svaltainen, kun puheenjohtaja tai varapuheenjohtaja ja v\u00e4hint\u00e4\u00e4n puolet muista j\u00e4senist\u00e4 on l\u00e4sn\u00e4.<br><br>Hallituksen kutsuu koolle puheenjohtaja tai h\u00e4nen estyneen\u00e4 ollessaan varapuheenjohtaja.<br><br><strong>15 \u00a7<\/strong> Hallitus k\u00e4ytt\u00e4\u00e4 yhdistyksen toimeenpanovaltaa ja hoitaa yhdistyksen asioita sek\u00e4 edustaa yhdistyst\u00e4. Hallitus ottaa ja erottaa yhdistyksen j\u00e4senet.<\/p>\n\n\n\n<div style=\"height:25px\" aria-hidden=\"true\" class=\"wp-block-spacer\"><\/div>\n\n\n\n<h2 class=\"wp-block-heading\">Yhdistyksen nimen kirjoittaminen<\/h2>\n\n\n\n<div style=\"height:25px\" aria-hidden=\"true\" class=\"wp-block-spacer\"><\/div>\n\n\n\n<p><strong>16 \u00a7<\/strong> Yhdistyksen nimen kirjoittavat puheenjohtaja ja varapuheenjohtaja yhdess\u00e4 tai jompikumpi heist\u00e4 yhdess\u00e4 hallituksen m\u00e4\u00e4r\u00e4\u00e4m\u00e4n hallituksen j\u00e4senen tai toimihenkil\u00f6n kanssa.<\/p>\n\n\n\n<div style=\"height:25px\" aria-hidden=\"true\" class=\"wp-block-spacer\"><\/div>\n\n\n\n<h2 class=\"wp-block-heading\">P\u00e4\u00e4t\u00f6ksenteko<\/h2>\n\n\n\n<div style=\"height:25px\" aria-hidden=\"true\" class=\"wp-block-spacer\"><\/div>\n\n\n\n<p><strong>17 \u00a7<\/strong> P\u00e4\u00e4t\u00f6kset tehd\u00e4\u00e4n yksinkertaisella \u00e4\u00e4ntenenemmist\u00f6ll\u00e4 paitsi 18 \u00a7:ss\u00e4 mainituissa tapauksissa. \u00c4\u00e4nten menness\u00e4 tasan ratkaisee vaaleissa arpa ja muuten puheenjohtajan \u00e4\u00e4ni.<\/p>\n\n\n\n<div style=\"height:25px\" aria-hidden=\"true\" class=\"wp-block-spacer\"><\/div>\n\n\n\n<h2 class=\"wp-block-heading\">S\u00e4\u00e4nt\u00f6jen muuttaminen ja yhdistyksen purkaminen<\/h2>\n\n\n\n<div style=\"height:25px\" aria-hidden=\"true\" class=\"wp-block-spacer\"><\/div>\n\n\n\n<p><strong>18 \u00a7<\/strong> P\u00e4\u00e4t\u00f6st\u00e4 n\u00e4iden s\u00e4\u00e4nt\u00f6jen muuttamisesta tai yhdistyksen purkamisesta pit\u00e4\u00e4 kannattaa yhdistyksen kokouksessa v\u00e4hint\u00e4\u00e4n \u00be kaikista annetuista \u00e4\u00e4nist\u00e4.<br><br><strong>19 \u00a7<\/strong> Jos yhdistys purkautuu tai lakkautetaan, luovutetaan sen varat joko vastaavalle tai muulle yhdistyksen p\u00e4\u00e4m\u00e4\u00e4ri\u00e4 l\u00e4heisesti ajavalle rekister\u00f6idylle j\u00e4rjest\u00f6lle purkamisesta p\u00e4\u00e4tt\u00e4v\u00e4n kokouksen tarkemmin m\u00e4\u00e4r\u00e4\u00e4m\u00e4ll\u00e4 tavalla.<br><br>&nbsp;<\/p>\n\n\n\n<div style=\"height:25px\" aria-hidden=\"true\" class=\"wp-block-spacer\"><\/div>\n","protected":false},"excerpt":{"rendered":"<p>Nimi ja kotipaikka 1 \u00a7 Yhdistyksen nimi on Yksityisalojen lakimiehet r.y., ruotsiksi Privatbranchernas jurister sek\u00e4 englanniksi Finnish association of private sector lawyers. Yhdistyksen kotipaikka on Helsinki. Tarkoitus ja toiminnan laatu 2 \u00a7 Yhdistyksen tarkoituksena on valvoa j\u00e4sentens\u00e4 ammatillisia, yhteiskunnallisia, palkkauksellisia ja koulutuksellisia etuja. 3 \u00a7 Tarkoituksensa toteuttamiseksi yhdistys: 1) edist\u00e4\u00e4 yksityisalojen palveluksessa olevien lakimiesten j\u00e4rjest\u00e4ytymist\u00e4; [&hellip;]<\/p>\n","protected":false},"author":1,"featured_media":0,"parent":0,"menu_order":0,"comment_status":"closed","ping_status":"closed","template":"","meta":{"_regular_price":[],"currency_symbol":[],"footnotes":""},"post_slider_layout_featured_media_urls":{"thumbnail":"","post_slider_layout_landscape_large":"","post_slider_layout_portrait_large":"","post_slider_layout_square_large":"","post_slider_layout_landscape":"","post_slider_layout_portrait":"","post_slider_layout_square":"","full":""},"_links":{"self":[{"href":"https:\/\/ykla.fi\/index.php?rest_route=\/wp\/v2\/pages\/42"}],"collection":[{"href":"https:\/\/ykla.fi\/index.php?rest_route=\/wp\/v2\/pages"}],"about":[{"href":"https:\/\/ykla.fi\/index.php?rest_route=\/wp\/v2\/types\/page"}],"author":[{"embeddable":true,"href":"https:\/\/ykla.fi\/index.php?rest_route=\/wp\/v2\/users\/1"}],"replies":[{"embeddable":true,"href":"https:\/\/ykla.fi\/index.php?rest_route=%2Fwp%2Fv2%2Fcomments&post=42"}],"version-history":[{"count":23,"href":"https:\/\/ykla.fi\/index.php?rest_route=\/wp\/v2\/pages\/42\/revisions"}],"predecessor-version":[{"id":519,"href":"https:\/\/ykla.fi\/index.php?rest_route=\/wp\/v2\/pages\/42\/revisions\/519"}],"wp:attachment":[{"href":"https:\/\/ykla.fi\/index.php?rest_route=%2Fwp%2Fv2%2Fmedia&parent=42"}],"curies":[{"name":"wp","href":"https:\/\/api.w.org\/{rel}","templated":true}]}}